, 4*c = 3*l - 2 - 7. What is p(c)?
9
Let u(s) = 2*s - 4*s - 1 - 5*s**2 + 0*s**2. Suppose 8*d - 3 = -11. What is u(d)?
-4
Let t(d) = 6*d + 0*d**2 - 7*d**2 + 7 + d**3 + 0. Let j be t(6). Let l(a) = -j*a + 2 + 3 + 3*a - 6. Determine l(2).
-9
Let v be (-43)/9 + 14/(-63). Let a = v - -7. Let f(s) = -2*s + 2*s - 4*s + 2. Give f(a).
-6
Let q(r) be the second derivative of -2*r**3/3 + r**2/2 - 2*r. Give q(-1).
5
Let t(y) = -y**3 - 3*y**2 + 3*y - 2. Let i = 7 - 10. Determine t(i).
-11
Let w(i) be the third derivative of 7*i**5/60 - i**4/8 + i**3/6 + 3*i**2. Let z(d) = 3*d**2 - d + 1. Let p(j) = 2*w(j) - 5*z(j). Give p(0).
-3
Let z = 2 - 8. Let y(c) = -7*c**2 - 16*c + 7*c - 21 - 5*c. Let o(u) = 11*u**2 + 21*u + 32. Let q(n) = -5*o(n) - 8*y(n). Determine q(z).
2
Suppose 7*l + u = 2*l + 18, -3*u = 5*l - 14. Suppose -l*k = -0*k - 8. Let i(v) = 5 - 5 - k*v + 5. Give i(4).
-3
Suppose -4*o = -5 - 3. Let i = 2 - o. Let w be (0 + 0)/(-1 - i). Let f(p) = -p**3 - p**2 - 4. Determine f(w).
-4
Let x(i) = 8*i**2 + 15*i + 11. Suppose 5*u - 13 = 4*u. Let l(o) = 4*o**2 + 7*o + 5. Let m(c) = u*l(c) - 6*x(c). Let y = 10 + -9. Determine m(y).
4
Let q(y) = -y**3 - 3*y**2 - 3*y + 1. Let h(x) = -x + 4. Let s = 24 - 17. Let b be h(s). Give q(b).
10
Let l(z) = z**3 + 3*z**2 - 4*z - 5. Let b(y) = y**2 - y - 10. Let n be b(3). What is l(n)?
-5
Suppose -2*g - 3 = 5. Let y(j) = j + j - j + 0*j. Let b(o) = 3*o - 1. Let w(i) = -3*b(i) + 8*y(i). Give w(g).
7
Let j(w) = w**3 + 3*w**2 - 2*w + 2. Let t(u) = u**2 - 3*u - 1. Let s be t(-2). Suppose -3*h + 0 = s. Determine j(h).
8
Let y(v) be the third derivative of -v**6/360 + v**5/30 - v**4/12 - v**3/6 + 2*v**2. Let p(b) be the first derivative of y(b). Let x = 9 + -5. What is p(x)?
-2
Let f(d) = 2*d. Let k(z) = 2*z - 3*z - 2*z. Let h(c) = -5*f(c) - 3*k(c). Let l be (-4)/(-14) - (-2)/(-7). What is h(l)?
0
Let d(v) = v**3 + v**2 - 5*v + 3. Let s(i) = i**2 - i. Let c(y) = -d(y) + 5*s(y). Let b be 3 + -1 - 1*-1. What is c(b)?
6
Suppose 4*q + 4 = 2*d, -5*d + 2*q - 2 + 12 = 0. Let p(u) = -4 + 3 + 4 + 5*u - d. What is p(2)?
11
Let d = -8 - -10. Let b(h) = h**3 - 9 - 3*h**d - 3*h - 2*h**3 + 7. Determine b(-3).
7
Suppose g - 4 = p, -2*p - p + 4 = g. Let a(z) = z + p*z + 1 + 0*z - 2*z**3. Suppose 6 - 2 = -4*k. Determine a(k).
2
Let r(h) be the third derivative of h**7/5040 + h**6/360 - h**5/20 - 9*h**2. Let b(s) be the third derivative of r(s). Determine b(5).
7
Let d = 93/8 + -139/12. Let g(f) be the third derivative of 1/6*f**3 + f**2 + 0 - d*f**4 + 0*f. Determine g(0).
1
Suppose -2*b + 2 = -8. Let s(u) = 3 + 6*u + 6*u - u - u**2 - 8*u. Calculate s(b).
-7
Suppose -2*m + q - 3 = 0, 2*m + 5 + 2 = -3*q. Let o(w) be the second derivative of -w**5/20 - w**4/12 - w**3/6 - w**2/2 - 2*w. Give o(m).
5
Let j be -3*4*(-1)/(-6). Let b be 1/1*2/j. Let t be (-5)/(2/(1 - b)). Let m(u) = -u**3 - 5*u**2 + 5. Calculate m(t).
5
Let d = 6 + -3. Let k(t) = -8*t - 6 - t**d + 2*t**2 + 2*t + 9*t + 2*t**2. Calculate k(4).
6
Let p(w) = 10*w. Let i(d) = 7*d. Let b(y) = 7*i(y) - 5*p(y). Give b(-5).
5
Let j(k) = -k**2 - 8*k - 10. Let a be j(-2). Let u(m) be the third derivative of 1/24*m**4 + 0*m - 3*m**a - 1/3*m**3 + 0. Calculate u(-2).
-4
Let d be 7/126*-3 + 11/(-6). Let i(c) = 8*c - 3 + 2 - c + 0. Determine i(d).
-15
Let d be (-128)/16*1/(-2). Let s(i) = 1 - i**3 + 3*i - 2*i + d*i + 3*i**2 - 2*i. Give s(4).
-3
Let a(t) be the first derivative of -t**3/3 - 3*t**2 - 6*t - 1. Let f(x) = -x - 6. Let s be f(6). Let p = s + 8. Give a(p).
2
Let w(p) = 2*p**2 + 3*p + 3. Let f(b) = -b**2 - b - 2. Let r(c) = -c**2 + 5*c - 2. Let d be r(5). Let q(g) = d*w(g) - 5*f(g). Calculate q(0).
4
Suppose 20 = -7*u + 3*u. Let i(v) = -v**3 - v**2 - v - 1. Let s(g) = -4*g**3 + g**2 - g - 7. Let o = 16 - 11. Let a(x) = o*i(x) - s(x). Calculate a(u).
-3
Let k be -8*(-1 - (-3)/2). Let z(t) be the first derivative of 2 - 9*t - 1/2*t**2. What is z(k)?
-5
Suppose 7*g - 3 = 4*g. Let f = 6 - g. Let w(u) = 4 + 3*u - 5*u + u. What is w(f)?
-1
Let p(l) = -l - 1. Let o(c) = -6*c - 1. Let q(w) = o(w) - 2*p(w). Let x be ((-1)/1)/((-3)/(-6)). What is q(x)?
9
Let v(j) be the first derivative of -j**2/2 + j - 13. Give v(6).
-5
Let p(y) = 3*y**2 - 4*y + 3. Let r(t) = 5*t**2 - 8*t + 5. Let w(l) = -11*p(l) + 6*r(l). Calculate w(-2).
-7
Let z(l) be the third derivative of l**9/60480 + l**8/4032 - l**7/840 - l**6/144 - l**5/30 + l**2. Let i(g) be the third derivative of z(g). Determine i(-6).
-5
Suppose -1 = 2*p - p. Let o be p/(-4) + (-43)/(-4). Let r(x) = x + 5*x**3 - 12 - 4*x**3 - x**2 + o. What is r(1)?
0
Let v = 5 - -1. Let t(j) = -j**3 + 7*j**2 - 8*j - 2. Give t(v).
-14
Let p(h) = h**2 + h. Let m(g) = -g**2 + 9*g + 5. Let y be m(9). Suppose -y*u - 7 = 3. Give p(u).
2
Let m be (-3)/5 - (-35)/(-25). Let q(g) = g**3 + g**2 - 3*g - 3. What is q(m)?
-1
Let v(u) = u**3 - 7*u**2 + 7*u - 4. Let y be 12/((-3)/(-9)*6). What is v(y)?
2
Let t(h) = 2*h**2 + 4*h - 1. Let c be t(-3). Let b = c - 4. Let i(n) = n**3 - n + 1. What is i(b)?
1
Suppose -4*s = s. Suppose u + 3 = -s. Let n(j) = j**3 + 3*j**2 - 2*j - 1. Determine n(u).
5
Let d = 4 + 3. Let f(o) = o - 4. What is f(d)?
3
Let b(f) = -f**3 + 6*f**2 - 2*f + 8. Let x be b(6). Let k(m) = -m + 1. Give k(x).
5
Let t(r) be the second derivative of r**3/6 - 2*r**2 - 5*r. Calculate t(0).
-4
Let z(w) = w**2 + 3*w - 4. Let r be z(-4). Let v(x) = 2 + 1 - 2 - x**2. Let g(l) = -l**3 - 6*l**2 + 7. Let b(h) = -g(h) + 5*v(h). What is b(r)?
-2
Let v(p) = -p**2 - 8*p - 10. Suppose -5 = 5*o + 30. Give v(o).
-3
Let l(f) = 3*f**3 - 3*f**2 + 2*f - 1. Let z be (-240)/(-132) + 2/11. Calculate l(z).
15
Let g(h) be the second derivative of -h**4/12 + h**2 - 11*h. Let i(x) = -x**3 + 5*x**2 + 5*x + 4. Let z be i(6). Calculate g(z).
-2
Let g(k) be the third derivative of -7*k**4/24 + k**3 - 41*k**2. What is g(4)?
-22
Let c(a) be the first derivative of a**4/4 + 4*a**3/3 - 2*a**2 - 6. Give c(-5).
-5
Let x(m) = 4*m**2 - 12. Let o(l) = -9*l**2 + 2*l + 25. Let q(u) = -3*o(u) - 7*x(u). Determine q(-7).
2
Suppose 5*x + 4*u + 30 = 0, 2*u - 6 = x + 6*u. Let y(m) = -2*m - 10. Let k be y(x). Let s(d) = 3*d + 2*d**2 + 0*d - 2 - 1. What is s(k)?
11
Let c(k) = 4 + 5*k - 1 - 4. Give c(-1).
-6
Suppose 3*o - 5*p + 1 = -9, -2*p = 5*o - 4. Let v(i) = -i**3 - i**2 + i - 4. Calculate v(o).
-4
Suppose 5 - 1 = -2*j. Let d(k) = k**3 + 5*k**2 + 4*k + 2. Determine d(j).
6
Let u(d) be the first derivative of -d**3/3 - d**2 + d - 3. What is u(-3)?
-2
Let v(a) = -a**3 + 11*a**2 + 24*a + 28. Let y be v(13). Let p(f) = 4*f + 1. Give p(y).
9
Let n be (-36)/(-28) + -1 - (-38)/14. Let u(l) = l**2 - l - 1. Determine u(n).
5
Let p(y) = y**2 + y. Let l = -6 + 10. Suppose 3*t = -t + l. Let j(b) = -8*b**2 - 7*b + 1. Let h(z) = t*j(z) + 6*p(z). Give h(-2).
-5
Suppose u + 6*h - 13 = h, 0 = -2*u - 3*h + 19. Suppose -3*f - 4*k + 1 = -u, 0 = 5*k. Let a(v) = -v + 1. What is a(f)?
-2
Let k(b) be the third derivative of b**7/840 - b**6/72 - b**5/120 - b**4/12 - b**3/3 - 3*b**2. Let o(t) be the first derivative of k(t). Determine o(5).
-7
Let x = 10 + -4. Suppose 0 = -2*s - x. Let o(m) = m + 4. What is o(s)?
1
Let m(t) = -t - 3*t**2 + 0*t - t + t. Determine m(-2).
-10
Suppose 3*r + 2*k + 31 = -0*k, 3*r + 4*k = -41. Let o = r - -5. Let x(z) = -z**3 + 1. Calculate x(o).
9
Let t(m) = -m**3 - 6*m**2 - 3*m + 3. Let u be 2*6*2/3. Suppose -2 = 2*l + u. Calculate t(l).
-7
Let o(k) be the third derivative of -k**6/120 - k**5/12 + 5*k**4/24 - 5*k**3/6 + 6*k**2. Give o(-6).
1
Let s = 13 - 8. Let z(d) = -d**3 + 4*d**2 + 3*d + 7. Determine z(s).
-3
Let g = -376 + 374. Let b(t) = -4*t**3 - 6*t**2 - 8*t - 6. Let k(j) = -j**3 - j**2 - j - 1. Let x(i) = -b(i) + 5*k(i). What is x(g)?
7
Let o = -3 - -7. Suppose 0 = -l + 2*a + 19, -67 = -o*l - 0*a - a. Suppose 4*g = -g - 3*m - l, 2*g + 5*m = -22. Let r(k) = 2*k**3 - k**2 - k - 1. Give r(g).
-3
Let f(b) = b**2 + 2. Suppose 6 = 3*u - 0. Determine f(u).
6
Let i be 2 - (-9)/(36/(-8)). Let f(m) = 3*m**2 - 1 - m**3 + 6 - m - 3 + i. Give f(3).
-1
Suppose 0 = 4*w - 8*w - 4. Let g = 1 - w. Let j(k) be the third derivative of k**4/12 + k**3/6 - k**2. Give j(g).
5
Let x(u) = 1 + 0*u + 6*u**2 + 2*u + 0. Suppose 4*o - 13 = -117. Let v = o + 25. Give x(v).
5
Let s(h) = -h - 1. Let f(v) = 4*v + 4. Let k(d) = f(d) + 3*s(d). L